{"id":67,"date":"2023-03-19T16:23:05","date_gmt":"2023-03-19T16:23:05","guid":{"rendered":"https:\/\/williberkes.com\/?page_id=67"},"modified":"2023-11-13T11:11:50","modified_gmt":"2023-11-13T11:11:50","slug":"about","status":"publish","type":"page","link":"https:\/\/williberkes.com\/?page_id=67","title":{"rendered":"about"},"content":{"rendered":"\n<p>williberkes O\u00dc, est. 2021<br>reg. no. 16299952, VAT EE102519790 <br>registered in Estonia, 10151 Tallin, Ahtri 12<br>located in Sweden, 93252 Bure\u00e5, Fiskarv\u00e4gen 13<br><br>Offering advisory service as well as ideas regarding system architecture and analogue\/mixed-signal circuitry for prototyping, development and testing of medical electrical devices.<\/p>\n\n\n\n<p>Preferably responding to e-mail (mail@williberkes.com)<br>(English, German, Swedish, Polish) <\/p>\n\n\n\n<p>No presence on social media to save our time and yours.<\/p>\n\n\n\n<p>Dipl.-Ing. Sebastian Berkes <br>20th century graduation, Electrical Engineering, Biomedical Engineering and IT<br>Technical University of Ilmenau, Germany<br><br><\/p>\n\n\n\n<p><br><br><\/p>\n","protected":false},"excerpt":{"rendered":"<p>williberkes O\u00dc, est. 2021reg. no. 16299952, VAT EE102519790 registered in Estonia, 10151 Tallin, Ahtri 12located in Sweden, 93252 Bure\u00e5, Fiskarv\u00e4gen 13 Offering advisory service as well as ideas regarding system architecture and analogue\/mixed-signal circuitry for prototyping, development and testing of medical electrical devices. Preferably responding to e-mail (mail@williberkes.com)(English, German, Swedish, Polish) No presence on social [&hellip;]<\/p>\n","protected":false},"author":1,"featured_media":0,"parent":0,"menu_order":0,"comment_status":"closed","ping_status":"closed","template":"blank","meta":{"footnotes":""},"class_list":["post-67","page","type-page","status-publish","hentry"],"_links":{"self":[{"href":"https:\/\/williberkes.com\/index.php?rest_route=\/wp\/v2\/pages\/67","targetHints":{"allow":["GET"]}}],"collection":[{"href":"https:\/\/williberkes.com\/index.php?rest_route=\/wp\/v2\/pages"}],"about":[{"href":"https:\/\/williberkes.com\/index.php?rest_route=\/wp\/v2\/types\/page"}],"author":[{"embeddable":true,"href":"https:\/\/williberkes.com\/index.php?rest_route=\/wp\/v2\/users\/1"}],"replies":[{"embeddable":true,"href":"https:\/\/williberkes.com\/index.php?rest_route=%2Fwp%2Fv2%2Fcomments&post=67"}],"version-history":[{"count":9,"href":"https:\/\/williberkes.com\/index.php?rest_route=\/wp\/v2\/pages\/67\/revisions"}],"predecessor-version":[{"id":93,"href":"https:\/\/williberkes.com\/index.php?rest_route=\/wp\/v2\/pages\/67\/revisions\/93"}],"wp:attachment":[{"href":"https:\/\/williberkes.com\/index.php?rest_route=%2Fwp%2Fv2%2Fmedia&parent=67"}],"curies":[{"name":"wp","href":"https:\/\/api.w.org\/{rel}","templated":true}]}}